tors of 1943369321?
1943369321
List the prime factors of 457307166.
2, 3, 71, 1073491
List the prime factors of 50035391.
7, 7147913
List the prime factors of 370631363.
3767, 98389
What are the prime factors of 23316136?
2, 47, 62011
List the prime factors of 49602654.
2, 3, 19, 145037
List the prime factors of 5825144964.
2, 3, 485428747
List the prime factors of 444212404.
2, 151, 735451
List the prime factors of 3676799.
7, 525257
What are the prime factors of 236245656?
2, 3, 9843569
List the prime factors of 365097166.
2, 7, 241, 449
List the prime factors of 67813382.
2, 7, 13, 239, 1559
What are the prime factors of 3732051?
3, 101, 109, 113
What are the prime factors of 1849407763?
7, 313, 844093
List the prime factors of 99086631.
3, 7, 61, 77351
What are the prime factors of 2438015380?
2, 5, 2927, 41647
List the prime factors of 114523472.
2, 7, 1022531
List the prime factors of 144350061.
3, 37, 1300451
List the prime factors of 50627972.
2, 17, 257, 2897
What are the prime factors of 16682998?
2, 8341499
List the prime factors of 130427242.
2, 11, 1933, 3067
List the prime factors of 146509665.
3, 5, 19, 439, 1171
What are the prime factors of 854365087?
3137, 272351
What are the prime factors of 1103799315?
3, 5, 73586621
List the prime factors of 426722853.
3, 859, 165589
List the prime factors of 289627786.
2, 7, 37, 373, 1499
What are the prime factors of 4255088622?
2, 3, 709181437
What are the prime factors of 65318449?
7, 137, 68111
List the prime factors of 785373549.
3, 193, 1356431
What are the prime factors of 2415687988?
2, 7, 1229, 70199
List the prime factors of 48466606.
2, 19, 1275437
What are the prime factors of 344288402?
2, 10889, 15809
List the prime factors of 368774052.
2, 3, 30731171
What are the prime factors of 182161734?
2, 3, 173, 175493
List the prime factors of 3910946422.
2, 31, 47, 733, 1831
What are the prime factors of 3972437719?
17, 29, 8057683
What are the prime factors of 569724504?
2, 3, 1613, 14717
What are the prime factors of 424176793?
73, 773, 7517
List the prime factors of 191680695.
3, 5, 17
What are the prime factors of 5745431?
5745431
What are the prime factors of 2713938?
2, 3, 383, 1181
List the prime factors of 1817216907.
3, 11, 3701, 14879
What are the prime factors of 77653973?
77653973
List the prime factors of 395114564.
2, 13, 37, 15797
List the prime factors of 2319771376.
2, 13, 283, 39409
List the prime factors of 5791549.
5791549
List the prime factors of 159748973.
101, 1581673
What are the prime factors of 626773569?
3, 208924523
List the prime factors of 1154802735.
3, 5, 1549, 16567
List the prime factors of 788559754.
2, 97, 4064741
List the prime factors of 46154932.
2, 17, 678749
What are the prime factors of 591812931?
3, 19, 23, 1033
List the prime factors of 905157366.
2, 3, 3343, 45127
What are the prime factors of 4416233670?
2, 3, 5, 1453, 11257
List the prime factors of 223575947.
7, 71, 449851
List the prime factors of 308558463.
3, 29, 1607, 2207
List the prime factors of 86675089.
3533, 24533
What are the prime factors of 276405550?
2, 5, 17, 433, 751
List the prime factors of 582417033.
3, 11, 17649001
List the prime factors of 273078907.
31, 37, 238081
What are the prime factors of 1982081118?
2, 3, 103, 3207251
What are the prime factors of 41662793?
41662793
What are the prime factors of 153364962?
2, 3, 109, 151, 1553
List the prime factors of 24767511.
3, 8255837
What are the prime factors of 20731189?
20731189
List the prime factors of 57822642.
2, 3, 277, 11597
List the prime factors of 567399436.
2, 141849859
List the prime factors of 230637868.
2, 239, 241253
List the prime factors of 72168754.
2, 7, 5154911
What are the prime factors of 2115074681?
16741, 126341
List the prime factors of 144975728.
2, 17, 532999
What are the prime factors of 8516479?
41, 207719
What are the prime factors of 2142111118?
2, 7, 23, 163, 40813
What are the prime factors of 889743629?
889743629
List the prime factors of 137891736.
2, 3, 1915163
What are the prime factors of 8860998?
2, 3, 919, 1607
List the prime factors of 138844859.
23, 1531, 3943
List the prime factors of 376983897.
3, 125661299
What are the prime factors of 119031192?
2, 3, 7, 33739
What are the prime factors of 22952234?
2, 2957, 3881
What are the prime factors of 1450523867?
13, 111578759
What are the prime factors of 181821618?
2, 3, 11, 27827
List the prime factors of 1295422645.
5, 11, 79, 281, 1061
List the prime factors of 1722600648.
2, 3, 19, 421, 997
List the prime factors of 720288841.
19, 6053, 6263
What are the prime factors of 575855715?
3, 5, 23, 1669147
What are the prime factors of 5605817168?
2, 7, 41, 73, 2389
What are the prime factors of 1546493958?
2, 3, 37, 59, 4373
What are the prime factors of 81166527?
3, 13, 693731
What are the prime factors of 1718789844?
2, 3, 9689, 14783
What are the prime factors of 845525143?
845525143
What are the prime factors of 164320174?
2, 82160087
What are the prime factors of 143573179?
577, 248827
List the prime factors of 119061327.
3, 7, 11, 29, 2539
What are the prime factors of 334615200?
2, 3, 5, 139423
List the prime factors of 1780759188.
2, 3, 13, 359, 3533
What are the prime factors of 40403288?
2, 17, 297083
List the prime factors of 336082162.
2, 13, 883, 14639
What are the prime factors of 282945941?
16811, 16831
List the prime factors of 8468250.
2, 3, 5, 7, 1613
List the prime factors of 228497856.
2, 3, 97, 12269
List the prime factors of 6632647851.
3, 19, 227, 512609
What are the prime factors of 2123534148?
2, 3, 176961179
What are the prime factors of 1153732684?
2, 13, 22187167
What are the prime factors of 529272693?
3, 58808077
What are the prime factors of 96694122?
2, 3, 7, 971, 2371
List the prime factors of 1065913117.
67, 15909151
List the prime factors of 5042685.
3, 5, 53, 6343
List the prime factors of 652999732.
2, 7, 11, 97, 1987
What are the prime factors of 2372760369?
3, 7, 5380409
What are the prime factors of 892449409?
701, 1273109
List the prime factors of 9692478.
2, 3, 538471
List the prime factors of 640342648.
2, 11, 271, 2441
What are the prime factors of 571909620?
2, 3, 5, 9531827
What are the prime factors of 4159440925?
5, 71, 431, 5437
What are the prime factors of 4316552460?
2, 3, 5, 11, 37, 58921
What are the prime factors of 1740811479?
3, 11, 31, 127, 13399
List the prime factors of 348137396.
2, 41, 857, 2477
What are the prime factors of 669471715?
5, 11, 107, 113759
List the prime factors of 84215384.
2, 11, 956993
List the prime factors of 27117081.
3, 1123, 2683
What are the prime factors of 26213301?
3, 109, 2969
What are the prime factors of 52609545?
3, 5, 541, 2161
List the prime factors of 3280681497.
3, 9539, 114641
What are the prime factors of 84970612?
2, 199, 106747
What are the prime factors of 864958206?
2, 3, 7, 20594243
List the prime factors of 70061619.
3, 1327, 17599
List the prime factors of 23601052.
2, 5900263
List the prime factors of 379225149.
3, 1487, 85009
What are the prime factors of 3448875939?
3, 443, 1279, 2029
List the prime factors of 41165582.
2, 31, 663961
List the prime factors of 213901169.
73, 2930153
List the prime factors of 7293913.
11, 53, 12511
What are the prime factors of 2423297864?
2, 13, 211, 110431
List the prime factors of 9279199657.
7, 13, 101969227
What are the prime factors of 1938652242?
2, 3, 16187, 19961
List the prime factors of 238194393.
3, 19, 4178849
List the prime factors of 79995151.
83, 379, 2543
List the prime factors of 209460460.
2, 5, 11, 83, 11471
List the prime factors of 525631405.
5, 13, 622049
List the prime factors of 78681617.
7, 677, 16603
What are the prime factors of 266814505?
5, 97, 367, 1499
What are the prime factors of 6702119036?
2, 1675529759
List the prime factors of 1761498710.
2, 5, 176149871
List the prime factors of 965054842.
2, 482527421
List the prime factors of 225147958.
2, 7, 71, 83, 2729
What are the prime factors of 138432204?
2, 3, 1039, 3701
What are the prime factors of 1235219158?
2, 3169, 194891
List the prime factors of 1093553067.
3, 17, 73, 293729
What are the prime factors of 22437737?
7, 457913
List the prime factors of 92440433.
59, 179, 8753
What are the prime fact